 1859 and 2028?
169
What is the greatest common factor of 1276 and 22?
22
What is the greatest common divisor of 30 and 375?
15
What is the highest common factor of 14 and 763?
7
What is the greatest common divisor of 42 and 18?
6
Calculate the greatest common factor of 12925 and 55.
55
What is the greatest common factor of 799 and 47?
47
What is the highest common factor of 5 and 45?
5
Calculate the highest common divisor of 78 and 9672.
78
What is the greatest common factor of 64 and 4528?
16
Calculate the greatest common divisor of 24 and 8.
8
What is the highest common factor of 26 and 12?
2
Calculate the greatest common factor of 2576 and 13846.
322
Calculate the highest common divisor of 201 and 871.
67
What is the highest common factor of 11370 and 30?
30
What is the highest common factor of 186 and 270?
6
What is the greatest common divisor of 303 and 202?
101
What is the greatest common divisor of 700 and 6400?
100
What is the highest common factor of 300 and 90?
30
Calculate the greatest common factor of 1064 and 14.
14
Calculate the highest common divisor of 177 and 118.
59
What is the highest common factor of 46 and 2?
2
Calculate the highest common divisor of 16 and 1192.
8
What is the greatest common factor of 8 and 139?
1
Calculate the highest common factor of 768 and 96.
96
Calculate the greatest common divisor of 57739 and 29.
29
Calculate the highest common divisor of 1260 and 20.
20
What is the highest common factor of 1591 and 185?
37
What is the greatest common factor of 96 and 143328?
96
What is the greatest common divisor of 38 and 2774?
38
Calculate the greatest common divisor of 58 and 47966.
58
What is the highest common factor of 446 and 27206?
446
What is the highest common divisor of 35 and 10?
5
What is the greatest common divisor of 2 and 529?
1
Calculate the greatest common divisor of 12362 and 14.
14
Calculate the greatest common divisor of 90 and 3555.
45
What is the greatest common factor of 9 and 144?
9
What is the highest common factor of 18 and 2250?
18
Calculate the highest common factor of 20 and 145.
5
Calculate the highest common factor of 190 and 20.
10
Calculate the greatest common divisor of 18 and 333.
9
What is the highest common factor of 36 and 108?
36
Calculate the highest common factor of 255 and 30.
15
What is the highest common divisor of 18 and 1350?
18
What is the highest common factor of 1664 and 80?
16
What is the greatest common divisor of 31 and 31?
31
What is the greatest common divisor of 270 and 510?
30
What is the highest common factor of 1 and 2450?
1
Calculate the greatest common factor of 90 and 1590.
30
What is the greatest common divisor of 1 and 213?
1
Calculate the greatest common divisor of 134 and 1943.
67
What is the highest common factor of 52 and 65?
13
What is the highest common factor of 10 and 395?
5
Calculate the highest common factor of 120 and 345.
15
Calculate the greatest common divisor of 639 and 18.
9
Calculate the highest common factor of 1195 and 956.
239
Calculate the greatest common factor of 2216 and 104.
8
Calculate the highest common divisor of 572 and 1012.
44
Calculate the highest common divisor of 23 and 529.
23
Calculate the highest common divisor of 81 and 3.
3
Calculate the highest common factor of 6 and 10.
2
What is the highest common factor of 33 and 11869?
11
Calculate the highest common factor of 34 and 1105.
17
Calculate the highest common divisor of 4 and 2.
2
Calculate the highest common factor of 145 and 10.
5
Calculate the greatest common factor of 18 and 276.
6
Calculate the greatest common divisor of 1152 and 9.
9
What is the greatest common factor of 8 and 712?
8
Calculate the highest common divisor of 43 and 1591.
43
What is the greatest common divisor of 1017 and 226?
113
What is the highest common divisor of 90 and 2565?
45
Calculate the greatest common divisor of 22014 and 18.
18
Calculate the highest common factor of 612 and 171.
9
Calculate the highest common factor of 54 and 3.
3
Calculate the greatest common divisor of 50 and 3025.
25
Calculate the highest common factor of 984 and 96.
24
Calculate the highest common factor of 54 and 6.
6
Calculate the greatest common factor of 19662 and 58.
58
Calculate the highest common divisor of 3136 and 686.
98
Calculate the highest common factor of 1258 and 6.
2
What is the greatest common factor of 8271 and 45?
9
Calculate the greatest common divisor of 45 and 12.
3
Calculate the greatest common factor of 815 and 5.
5
What is the greatest common factor of 5936 and 280?
56
Calculate the highest common divisor of 598 and 184.
46
Calculate the greatest common factor of 716 and 10561.
179
What is the highest common divisor of 5670 and 162?
162
What is the highest common divisor of 160 and 1160?
40
Calculate the greatest common factor of 13305 and 30.
15
What is the greatest common factor of 488 and 366?
122
Calculate the greatest common divisor of 560 and 35.
35
Calculate the highest common factor of 810 and 30.
30
Calculate the greatest common divisor of 8816 and 32.
16
What is the highest common factor of 83 and 17?
1
Calculate the highest common divisor of 3263 and 13.
13
What is the greatest common divisor of 77 and 77?
77
What is the greatest common divisor of 181 and 2896?
181
Calculate the greatest common divisor of 159 and 2173.
53
Calculate the highest common divisor of 27 and 549.
9
Calculate the highest common factor of 12 and 750.
6
Calculate the greatest common factor of 961 and 496.
31
What is the highest common factor of 35 and 15?
5
What is the greatest common divisor of 2700 and 108?
108
What is the highest common factor of 128 and 832?
64
Calculate the highest common divisor of 16 and 1168.
16
What is the highest common divisor of 16 and 2384?
16
Calculate the greatest common divisor of 325 and 442.
13
What is the greatest common divisor of 4 and 164?
4
What is the greatest common factor of 220 and 176?
44
What is the greatest common divisor of 2241 and 135?
27
What is the highest common divisor of 260 and 195?
65
Calculate the greatest common factor of 645 and 3741.
129
What is the highest common divisor of 3113 and 11?
11
Calculate the highest common divisor of 400 and 25.
25
Calculate the highest common divisor of 517 and 88.
11
Calculate the greatest common factor of 11 and 209.
11
What is the highest common factor of 192 and 6432?
96
What is the highest common factor of 38 and 4?
2
What is the highest common factor of 16464 and 96?
48
Calculate the highest common factor of 801 and 9.
9
What is the greatest common factor of 2190 and 30?
30
Calculate the greatest common divisor of 111 and 5698.
37
Calculate the highest common divisor of 10 and 3645.
5
Calculate the greatest common divisor of 319 and 80388.
319
What is the greatest common divisor of 16 and 64?
16
What is the greatest common factor of 11747 and 17?
17
Calculate the greatest common divisor of 801 and 445.
89
Calculate the greatest common divisor of 6318 and 156.
78
Calculate the highest common factor of 10 and 122.
2
What is the highest common divisor of 867 and 2023?
289
What is the highest common factor of 60 and 1600?
20
What is the highest common divisor of 60 and 3420?
60
Calculate the highest common factor of 64 and 924.
4
Calculate the highest common divisor of 41 and 492.
41
Calculate the highest common divisor of 2067 and 24.
3
Calculate the highest common divisor of 344 and 989.
43
What is the highest common factor of 34 and 782?
34
Calculate the greatest common divisor of 126 and 5292.
126
What is the greatest common factor of 621 and 27?
27
What is the highest common divisor of 2241 and 166?
83
What is the highest common factor of 2670 and 30?
30
Calculate the highest common factor of 1192 and 8.
8
What is the greatest common divisor of 8 and 1912?
8
Calculate the greatest common divisor of 125 and 3125.
125
What is the highest common divisor of 61 and 1769?
61
Calculate the greatest common factor of 19 and 37.
1
What is the greatest common factor of 3377 and 187?
11
What is the highest common divisor of 779 and 41?
41
What is the highest common divisor of 1120 and 800?
160
What is the greatest common factor of 56 and 126?
14
Calculate the greatest common factor of 42 and 7504.
14
What is 